 - 7. Calculate the remainder when w(x) is divided by 21.
12
Suppose 7*s + i + 13 = 12*s, i + 11 = 4*s. Calculate the remainder when (-8 + 0)*-1 + 0 is divided by -31 + 39 - s*1.
2
What is the remainder when 1540 is divided by (-8)/(-2)*3000/800?
10
Let f = -5182 - -5488. Calculate the remainder when f is divided by 78.
72
Suppose 3*c - s - 1001 = 0, -5*c - 4*s = s - 1695. Suppose -2*j + c = 3*j. Let v(w) = -387*w + 48006. Calculate the remainder when j is divided by v(124).
13
Calculate the remainder when (1 - 63/84)*(5034 + 2) is divided by 45.
44
Suppose f = 37*d - 38*d + 116, -d - 348 = -3*f. What is the remainder when 441 is divided by f?
93
Let a be 4/(-10) - (-344)/10. Let o = a + 21. Let x = 7751 - 7737. Calculate the remainder when o is divided by x.
13
Let o be (-2)/8*3 + (-1298)/(-88). Suppose 62 = 16*p + o. Suppose -p*n - 198 = -5*t, -5*n + 62 = -0*t + t. What is the remainder when 81 is divided by t?
39
Let d(m) = -2*m**3 + 99*m**2 - 43*m - 263. What is the remainder when 1982 is divided by d(49)?
29
Let t = -16243 - -16512. Calculate the remainder when t is divided by 5.
4
Let s = -204 - -64. Let v = s + 235. Let b = v + -67. What is the remainder when b is divided by 6?
4
Let b(c) = -8*c**3 - 599*c**2 + 109*c + 2650. Let w(p) = 5*p**2 + 2*p + 1. What is the remainder when b(-75) is divided by w(3)?
48
Suppose -5*n + 7*l + 1593 = 3*l, 4*n - 3*l = 1275. Let v = n - 268. Calculate the remainder when v is divided by 7.
4
What is the remainder when ((-16)/104 - (-4912)/(-13))/(-2) is divided by 52?
33
Suppose 36*k + 60*k - 165600 = 0. What is the remainder when k is divided by 1718?
7
Let c(v) = 3*v + 3. Let r be c(-1). Suppose r = m - 6*m - 40. What is the remainder when 72 + 25/(-20) + (-2)/m is divided by 38?
33
Let q be 11*1 + -2 + (1 - -5). Suppose -q*t + 8 = -22. Calculate the remainder when 7 is divided by t.
1
Suppose -21075 = -0*l - 65*l + 40*l. What is the remainder when l is divided by 64?
11
Let i = 48 - -70. Suppose 3*w - q = 2*q + 3, -2*q = -3*w + 4. Suppose -4*d + 46 = 2*a + 6, w*a + 5*d = 35. Calculate the remainder when i is divided by a.
28
Suppose m + 6*m = -12569 + 13010. What is the remainder when 199 is divided by m?
10
Suppose -469 + 57 = 4*f. Let u(i) = 112*i**2 - 10*i - 6. Let w be u(-1). Let p = w + f. Calculate the remainder when 75 is divided by p.
10
Let g = 2438 - 1127. Suppose -g = 31*j - 4287. Calculate the remainder when j is divided by 38.
20
Let v = 83 + -63. Let u(h) = 20*h - 7. Let j be u(5). Let s = j + -78. Calculate the remainder when v is divided by s.
5
Let w be (56/(-21))/(-8)*0. Suppose w = y - 4*l - 18, -4*y - l = -3*y - 18. What is the remainder when y is divided by 13?
5
Let n(c) = 2504*c - 14885. What is the remainder when 1123 is divided by n(6)?
11
Let g be 28 + 3/((-9)/24). What is the remainder when (-143*2/(-4))/(g/40) is divided by 48?
47
Let o be -20 + 11 + (2 - 0/(-1)). What is the remainder when 149 is divided by (-240)/o - 4 - 2/7?
29
Suppose 2361 - 12510 = -17*g. Calculate the remainder when g is divided by 19.
8
Suppose 6*j = 3*j + 9. Suppose -2*x - 134 = -5*o, 0*o + j*x + 19 = o. Calculate the remainder when o is divided by 16/1 - 47/(564/72).
8
Calculate the remainder when 1613 is divided by (2*-9 + 1)/((-10)/((-80)/(-8))).
15
Let v = -1372 + 1402. Calculate the remainder when 835 is divided by v.
25
Let m = 613 + -589. Suppose -462 = m*c - 2982. What is the remainder when c is divided by 27?
24
Let w(z) = 3*z**2 + 12*z - 2. Let t(y) = -y**2 - y. Let v(b) = 4*t(b) + w(b). Let d = -201927 - -201930. What is the remainder when v(7) is divided by d?
2
Suppose -26 = -5*k + 54. Calculate the remainder when 12 is divided by k/(-20) - (-177)/15.
1
Suppose 2*q - 20 = -2*u + 16, u - 33 = -4*q. Let b be 0/((2/1)/1). Suppose -3 + 4 = h, b = -c - 5*h + 12. Calculate the remainder when u is divided by c.
6
Suppose -334*y + 23465 = -87*y. What is the remainder when 464 is divided by y?
84
Suppose -2236 = -33*c + 233 + 2514. Calculate the remainder when 300 is divided by c.
149
Let r(w) = 5*w**3 - 40*w**2 + 4*w - 18. Let m = 21 - -30. What is the remainder when m is divided by r(8)?
9
Let h = -123 - -303. Suppose -h*v + 173*v + 539 = 0. Calculate the remainder when v is divided by 21.
14
Suppose -2*j + 9 = j. Suppose -5*x + j*g + 57 + 89 = 0, -4*x + 2*g = -116. Let v = -15 + x. What is the remainder when 49 is divided by v?
10
Suppose q = 4*u - 223, q - 2*q = -3*u + 228. Let x = q - -619. Calculate the remainder when x is divided by 18.
16
Let d(k) = 5*k - 56. Let i be d(11). Suppose 3*l + 278 = 5*h, 4*h + l = -2*l + 244. Calculate the remainder when (11 + -10)/(i/(-113)) is divided by h.
55
Let r = 24 + -30. Let t(i) = 3*i**2 + 12*i + 9. Let n be t(r). Let l = -19 + n. What is the remainder when 76 is divided by l?
24
Let u = -4739 + 5762. What is the remainder when u is divided by 54?
51
Let x be ((-32)/(-12))/(((-4)/(-15))/2). Suppose -x = -12*w + 8*w. What is the remainder when 3 + (-4 - (-32)/4) is divided by w?
2
What is the remainder when ((-6)/(-6))/(3/1065) is divided by 102?
49
Let k(n) = -n**3 - 7*n**2 + 7*n - 6. Let y be k(-6). What is the remainder when (-8)/((-40)/(-5)) - y is divided by 44 + (0/1 - 1)?
40
Let h = -44513 - -44581. Suppose 0 = -0*z - 3*z + 129. Calculate the remainder when h is divided by z.
25
Let x = -104 - 53. Let m = 90 + x. Let f = -58 - m. What is the remainder when 17 is divided by f?
8
Let a be 7/(-14)*(-114)/9*3. Suppose -a*j + 255 = -3488. What is the remainder when j is divided by 25?
22
Let w = -23 - -147. Let d = 871 + -211. Suppose -d = -8*m + w. Calculate the remainder when m is divided by 20.
18
Let y(j) = -51*j - 1635. What is the remainder when y(-44) is divided by 7?
0
Suppose -5*y + 5*k + 8371 + 79814 = 0, -4*k + 88185 = 5*y. Calculate the remainder when y is divided by 24.
21
Let v = -47 + 86. Let c(b) = -8126*b - 146156. Calculate the remainder when c(-18) is divided by v.
34
Suppose 5*g = -2*b + 106, -3*g + 2*g + 32 = -5*b. Let l be ((-6)/12 + -1)/((-3)/g). Suppose 0 = -l*r + 9*r + 4. What is the remainder when 2 is divided by r?
0
Let y = -4380 - -8024. Calculate the remainder when y is divided by 64.
60
Suppose z = -4*i + 367, 4*i + 3*z - 364 = -z. Let u = -63255 + 63286. What is the remainder when i is divided by u?
30
Suppose 4*m + p + 35 = -m, -4*p = -3*m + 2. Let x be -1 - 0 - ((3 - 1) + m). What is the remainder when 62 is divided by x/4 + 41/4?
7
Let y(t) = -t**2 + 129*t - 64. Let u be y(38). Suppose -2*s = -3*r + u, -3*r + r - 2*s = -2276. Calculate the remainder when r is divided by 71.
69
Suppose 25*d - 27*d - 4661 = -5*k, 0 = -5*d - 15. Calculate the remainder when k is divided by 68.
47
Let k = -2135 - -2144. Calculate the remainder when 133 is divided by k.
7
Let w(j) = j**2 - 54. Suppose 3*t = 5*u - 7, -4*t + 4*u - 24 = u. Calculate the remainder when w(t) is divided by 10.
7
Let p(k) = 2*k**2 - 5*k - 2. Let m be p(5). Suppose -2*u + m - 5 = 0. Calculate the remainder when ((-151)/453)/(1/(-87)) is divided by u.
2
Let f be (-2)/(-3)*117/6. Let i(k) = -2*k**2 + 32*k + 3. Calculate the remainder when i(f) is divided by 29.
23
Let t(x) = x**3 - 9*x**2 - 3*x + 88. What is the remainder when t(9) is divided by 33?
28
Let p(v) = v**2 + 7. Let l be p(-11). Let q = l + -100. Let d(r) = -2*r**3 - 23*r**2 + 3*r - 28. What is the remainder when d(-12) is divided by q?
24
Let v be 1 + 25 - (-1 + (6 - 1)). Let n = v - -83. Calculate the remainder when n is divided by 54.
51
Suppose 5*c - 131 = 49. Calculate the remainder when 12/48 + -1 + 1420/16 is divided by c.
16
Suppose 3*c + 4*d - 692 = 0, 2*c - c - 236 = 4*d. What is the remainder when c is divided by 2 - -1 - (-23 + (9 - 1))?
16
Suppose 13 + 57 = -5*n - 5*z, -n - 5*z = 30. Let x = 5 - n. Let c(r) = r**3 - 5*r**2 + 9*r - 5. Calculate the remainder when x is divided by c(3).
3
Calculate the remainder when -2 + 0 + 531 - 12 is divided by 2.
1
Suppose 0*x - a + 20 = 4*x, 0 = -5*a. Suppose 2*f - x*i = 29, 3*f + 2*i = 3*i + 11. Let l(k) = 37*k - 6. What is the remainder when l(f) is divided by 10?
8
Suppose 314 = 3*z + 26. Let d = 126 - z. Calculate the remainder when d is divided by 21.
9
Suppose 974*h - 976*h = -1272. Let r = h - 605. Calculate the remainder when r is divided